{"id":1316,"date":"2022-11-26T16:00:28","date_gmt":"2022-11-26T15:00:28","guid":{"rendered":"https:\/\/zueri-homoeopathie.ch\/v0\/?page_id=1316"},"modified":"2022-12-02T01:16:31","modified_gmt":"2022-12-02T00:16:31","slug":"aktuelles-2","status":"publish","type":"page","link":"https:\/\/zueri-homoeopathie.ch\/v0\/aktuelles-2\/","title":{"rendered":"Aktuelles"},"content":{"rendered":"<p>[et_pb_section fb_built=&#8220;1&#8243; inner_shadow=&#8220;on&#8220; fullwidth=&#8220;on&#8220; _builder_version=&#8220;4.19.2&#8243; background_color=&#8220;#2ea3f2&#8243; use_background_color_gradient=&#8220;on&#8220; background_color_gradient_direction=&#8220;330deg&#8220; background_color_gradient_stops=&#8220;#2ea3f2 0%|#2e6df4 100%&#8220; background_color_gradient_start=&#8220;#2ea3f2&#8243; background_color_gradient_end=&#8220;#2e6df4&#8243; background_image=&#8220;https:\/\/zueri-homoeopathie.ch\/v0\/wp-content\/uploads\/2022\/07\/Diverse_21_Raubvogel_1_8703.jpg&#8220; background_size=&#8220;contain&#8220; background_position=&#8220;center_right&#8220; global_colors_info=&#8220;{}&#8220;][et_pb_fullwidth_header title=&#8220;Beitr\u00e4ge rund um Ihre Gesundheit&#8220; subhead=&#8220;Z\u00fcri Hom\u00f6opathie &#8211; Heilpflanzenpraxis Michael Senn&#8220; _builder_version=&#8220;4.19.2&#8243; background_color=&#8220;#2EA3F2&#8243; background_image=&#8220;https:\/\/zueri-homoeopathie.ch\/v0\/wp-content\/uploads\/2022\/07\/Diverse_21_Raubvogel_1_8703.jpg&#8220; global_colors_info=&#8220;{}&#8220; button_one_text_size__hover_enabled=&#8220;off&#8220; button_two_text_size__hover_enabled=&#8220;off&#8220; button_one_text_color__hover_enabled=&#8220;off&#8220; button_two_text_color__hover_enabled=&#8220;off&#8220; button_one_border_width__hover_enabled=&#8220;off&#8220; button_two_border_width__hover_enabled=&#8220;off&#8220; button_one_border_color__hover_enabled=&#8220;off&#8220; button_two_border_color__hover_enabled=&#8220;off&#8220; button_one_border_radius__hover_enabled=&#8220;off&#8220; button_two_border_radius__hover_enabled=&#8220;off&#8220; button_one_letter_spacing__hover_enabled=&#8220;off&#8220; button_two_letter_spacing__hover_enabled=&#8220;off&#8220; button_one_bg_color__hover_enabled=&#8220;off&#8220; button_two_bg_color__hover_enabled=&#8220;off&#8220;][\/et_pb_fullwidth_header][\/et_pb_section][et_pb_section fb_built=&#8220;1&#8243; _builder_version=&#8220;4.19.1&#8243; background_color=&#8220;RGBA(255,255,255,0)&#8220; use_background_color_gradient=&#8220;on&#8220; global_colors_info=&#8220;{}&#8220;][et_pb_row _builder_version=&#8220;4.19.2&#8243; background_size=&#8220;initial&#8220; background_position=&#8220;top_left&#8220; background_repeat=&#8220;repeat&#8220; hover_enabled=&#8220;0&#8243; global_colors_info=&#8220;{}&#8220; custom_margin=&#8220;-50px||||false|false&#8220; sticky_enabled=&#8220;0&#8243;][et_pb_column type=&#8220;4_4&#8243; _builder_version=&#8220;4.16&#8243; custom_padding=&#8220;|||&#8220; global_colors_info=&#8220;{}&#8220; custom_padding__hover=&#8220;|||&#8220;][et_pb_blog fullwidth=&#8220;off&#8220; posts_number=&#8220;18&#8243; _builder_version=&#8220;4.19.1&#8243; background_image=&#8220;https:\/\/zueri-homoeopathie.ch\/v0\/wp-content\/uploads\/2021\/11\/buecher-im-antiquariat.jpg&#8220; global_colors_info=&#8220;{}&#8220;][\/et_pb_blog][\/et_pb_column][\/et_pb_row][\/et_pb_section]<\/p>\n","protected":false},"excerpt":{"rendered":"","protected":false},"author":2,"featured_media":0,"parent":0,"menu_order":0,"comment_status":"closed","ping_status":"closed","template":"","meta":{"_et_pb_use_builder":"on","_et_pb_old_content":"","_et_gb_content_width":""},"_links":{"self":[{"href":"https:\/\/zueri-homoeopathie.ch\/v0\/wp-json\/wp\/v2\/pages\/1316"}],"collection":[{"href":"https:\/\/zueri-homoeopathie.ch\/v0\/wp-json\/wp\/v2\/pages"}],"about":[{"href":"https:\/\/zueri-homoeopathie.ch\/v0\/wp-json\/wp\/v2\/types\/page"}],"author":[{"embeddable":true,"href":"https:\/\/zueri-homoeopathie.ch\/v0\/wp-json\/wp\/v2\/users\/2"}],"replies":[{"embeddable":true,"href":"https:\/\/zueri-homoeopathie.ch\/v0\/wp-json\/wp\/v2\/comments?post=1316"}],"version-history":[{"count":16,"href":"https:\/\/zueri-homoeopathie.ch\/v0\/wp-json\/wp\/v2\/pages\/1316\/revisions"}],"predecessor-version":[{"id":1540,"href":"https:\/\/zueri-homoeopathie.ch\/v0\/wp-json\/wp\/v2\/pages\/1316\/revisions\/1540"}],"wp:attachment":[{"href":"https:\/\/zueri-homoeopathie.ch\/v0\/wp-json\/wp\/v2\/media?parent=1316"}],"curies":[{"name":"wp","href":"https:\/\/api.w.org\/{rel}","templated":true}]}}